{"id":2614,"date":"2014-03-31T23:55:37","date_gmt":"2014-03-31T21:55:37","guid":{"rendered":"http:\/\/www.webforumet.no\/nytte\/?page_id=2614"},"modified":"2014-03-31T23:55:37","modified_gmt":"2014-03-31T21:55:37","slug":"privacy-policytos","status":"publish","type":"page","link":"https:\/\/www.webforumet.no\/nytte\/privacy-policytos\/","title":{"rendered":"Privacy Policy\/TOS"},"content":{"rendered":"<p><strong>Betingelser<\/strong><br \/>\nwebforumet.no er ikke ansvarlig for eventuelle brudd p\u00e5 opphavsrettigheter p\u00e5 oppskrifter og annet innhold som er lagt inn av bes\u00f8kende p\u00e5 webforumet.no. Hvis du oppdager oppskrifter som du mener er brukt i strid med opphavsrettigheter skal du melde ifra til post@lykkemedia.no.\u00a0webforumet.no vil umiddelbart fjerne innhold som er lagt ut i strid med opphavsrettighetsloven. Merk at innhold som er oversatt fra andre spr\u00e5k ikke kommer inn under loven om opphavsrettigheter,\u00a0webforumet.no vil ikke fjerne norskspr\u00e5klige artikler som er oversatt fra andre spr\u00e5k med mindre klager eier rettighetene til artiklen p\u00e5 det annet spr\u00e5k.<\/p>\n<p><strong>Privacy Policy for dette nettstedet.<\/strong><br \/>\nLoggfiler<br \/>\nSom de fleste andre nettsteder bruker dette nettstedet loggfiler. Informasjonen i loggfilene inkluderer Ip-adresser, browser type, ISP, tidspunkter, refererende sider m.m. Denne informasjonen er ikke personlig identifiserbar.<\/p>\n<p>Cookies og Web Beacons<br \/>\nVi og noen av v\u00e5re annons\u00f8rer kan bruke cookies og web beacons p\u00e5 v\u00e5r side. V\u00e5re annons\u00f8rer inkluderer Google Adsense, Commission Junction, Clickbank og Amazon. Det kan hende at disse selskapene bruker informasjon (som ikke inkluderer navn, adresse, e-postadresse eller telefonnummer) om dine bes\u00f8k p\u00e5 dette og andre nettsteder for \u00e5 kunne levere annonser om varer og tjenester som kan v\u00e6re interessante for deg. Googles bruk av informasjonskapselen for DART lar oss vise annonser til brukere basert p\u00e5 deres bes\u00f8k p\u00e5 dine nettsteder og andre nettsteder p\u00e5 Internett. Brukere kan velge bort bruken av DART-informasjonskapselen ved \u00e5 g\u00e5 til google.no\/privacy_ads.html.<\/p>\n<p>Dette nettstedet har ikke noen kontroll over cookies som er brukt av annons\u00f8rer. Hivs du \u00f8nsker mere informasjon om deres bruk av cookies og web beacons m\u00e5 du kontakte dem direkte.<\/p>\n<p>Hvis du trenger mere informasjon eller har sp\u00f8rsm\u00e5l ang\u00e5ende v\u00e5r privacy policy, v\u00e6r vennlig og\u00a0 send oss en epost.<\/p>\n","protected":false},"excerpt":{"rendered":"<p>Betingelser webforumet.no er ikke ansvarlig for eventuelle brudd p\u00e5 opphavsrettigheter p\u00e5 oppskrifter og annet innhold som er lagt inn av bes\u00f8kende p\u00e5 webforumet.no. Hvis du oppdager oppskrifter som du mener er brukt i strid med opphavsrettigheter skal du melde ifra til post@lykkemedia.no.\u00a0webforumet.no vil umiddelbart fjerne innhold som er lagt ut i strid med opphavsrettighetsloven. Merk [&hellip;]<\/p>\n","protected":false},"author":1,"featured_media":0,"parent":0,"menu_order":0,"comment_status":"open","ping_status":"closed","template":"","meta":{"footnotes":""},"class_list":["post-2614","page","type-page","status-publish","hentry"],"yoast_head":"<!-- This site is optimized with the Yoast SEO plugin v27.5 - https:\/\/yoast.com\/product\/yoast-seo-wordpress\/ -->\n<title>Privacy Policy\/TOS - Webforumet.no\/nytte<\/title>\n<meta name=\"robots\" content=\"index, follow, max-snippet:-1, max-image-preview:large, max-video-preview:-1\" \/>\n<link rel=\"canonical\" href=\"https:\/\/www.webforumet.no\/nytte\/privacy-policytos\/\" \/>\n<meta property=\"og:locale\" content=\"nb_NO\" \/>\n<meta property=\"og:type\" content=\"article\" \/>\n<meta property=\"og:title\" content=\"Privacy Policy\/TOS - Webforumet.no\/nytte\" \/>\n<meta property=\"og:description\" content=\"Betingelser webforumet.no er ikke ansvarlig for eventuelle brudd p\u00e5 opphavsrettigheter p\u00e5 oppskrifter og annet innhold som er lagt inn av bes\u00f8kende p\u00e5 webforumet.no. Hvis du oppdager oppskrifter som du mener er brukt i strid med opphavsrettigheter skal du melde ifra til post@lykkemedia.no.\u00a0webforumet.no vil umiddelbart fjerne innhold som er lagt ut i strid med opphavsrettighetsloven. Merk [&hellip;]\" \/>\n<meta property=\"og:url\" content=\"https:\/\/www.webforumet.no\/nytte\/privacy-policytos\/\" \/>\n<meta property=\"og:site_name\" content=\"Webforumet.no\/nytte\" \/>\n<meta name=\"twitter:label1\" content=\"Ansl. lesetid\" \/>\n\t<meta name=\"twitter:data1\" content=\"2 minutter\" \/>\n<script type=\"application\/ld+json\" class=\"yoast-schema-graph\">{\"@context\":\"https:\\\/\\\/schema.org\",\"@graph\":[{\"@type\":\"WebPage\",\"@id\":\"https:\\\/\\\/www.webforumet.no\\\/nytte\\\/privacy-policytos\\\/\",\"url\":\"https:\\\/\\\/www.webforumet.no\\\/nytte\\\/privacy-policytos\\\/\",\"name\":\"Privacy Policy\\\/TOS - Webforumet.no\\\/nytte\",\"isPartOf\":{\"@id\":\"https:\\\/\\\/www.webforumet.no\\\/nytte\\\/#website\"},\"datePublished\":\"2014-03-31T21:55:37+00:00\",\"breadcrumb\":{\"@id\":\"https:\\\/\\\/www.webforumet.no\\\/nytte\\\/privacy-policytos\\\/#breadcrumb\"},\"inLanguage\":\"nb-NO\",\"potentialAction\":[{\"@type\":\"ReadAction\",\"target\":[\"https:\\\/\\\/www.webforumet.no\\\/nytte\\\/privacy-policytos\\\/\"]}]},{\"@type\":\"BreadcrumbList\",\"@id\":\"https:\\\/\\\/www.webforumet.no\\\/nytte\\\/privacy-policytos\\\/#breadcrumb\",\"itemListElement\":[{\"@type\":\"ListItem\",\"position\":1,\"name\":\"Hjem\",\"item\":\"https:\\\/\\\/www.webforumet.no\\\/nytte\\\/\"},{\"@type\":\"ListItem\",\"position\":2,\"name\":\"Privacy Policy\\\/TOS\"}]},{\"@type\":\"WebSite\",\"@id\":\"https:\\\/\\\/www.webforumet.no\\\/nytte\\\/#website\",\"url\":\"https:\\\/\\\/www.webforumet.no\\\/nytte\\\/\",\"name\":\"Webforumet.no\\\/nytte\",\"description\":\"Nyttige artikler\",\"potentialAction\":[{\"@type\":\"SearchAction\",\"target\":{\"@type\":\"EntryPoint\",\"urlTemplate\":\"https:\\\/\\\/www.webforumet.no\\\/nytte\\\/?s={search_term_string}\"},\"query-input\":{\"@type\":\"PropertyValueSpecification\",\"valueRequired\":true,\"valueName\":\"search_term_string\"}}],\"inLanguage\":\"nb-NO\"}]}<\/script>\n<!-- \/ Yoast SEO plugin. -->","yoast_head_json":{"title":"Privacy Policy\/TOS - Webforumet.no\/nytte","robots":{"index":"index","follow":"follow","max-snippet":"max-snippet:-1","max-image-preview":"max-image-preview:large","max-video-preview":"max-video-preview:-1"},"canonical":"https:\/\/www.webforumet.no\/nytte\/privacy-policytos\/","og_locale":"nb_NO","og_type":"article","og_title":"Privacy Policy\/TOS - Webforumet.no\/nytte","og_description":"Betingelser webforumet.no er ikke ansvarlig for eventuelle brudd p\u00e5 opphavsrettigheter p\u00e5 oppskrifter og annet innhold som er lagt inn av bes\u00f8kende p\u00e5 webforumet.no. Hvis du oppdager oppskrifter som du mener er brukt i strid med opphavsrettigheter skal du melde ifra til post@lykkemedia.no.\u00a0webforumet.no vil umiddelbart fjerne innhold som er lagt ut i strid med opphavsrettighetsloven. Merk [&hellip;]","og_url":"https:\/\/www.webforumet.no\/nytte\/privacy-policytos\/","og_site_name":"Webforumet.no\/nytte","twitter_misc":{"Ansl. lesetid":"2 minutter"},"schema":{"@context":"https:\/\/schema.org","@graph":[{"@type":"WebPage","@id":"https:\/\/www.webforumet.no\/nytte\/privacy-policytos\/","url":"https:\/\/www.webforumet.no\/nytte\/privacy-policytos\/","name":"Privacy Policy\/TOS - Webforumet.no\/nytte","isPartOf":{"@id":"https:\/\/www.webforumet.no\/nytte\/#website"},"datePublished":"2014-03-31T21:55:37+00:00","breadcrumb":{"@id":"https:\/\/www.webforumet.no\/nytte\/privacy-policytos\/#breadcrumb"},"inLanguage":"nb-NO","potentialAction":[{"@type":"ReadAction","target":["https:\/\/www.webforumet.no\/nytte\/privacy-policytos\/"]}]},{"@type":"BreadcrumbList","@id":"https:\/\/www.webforumet.no\/nytte\/privacy-policytos\/#breadcrumb","itemListElement":[{"@type":"ListItem","position":1,"name":"Hjem","item":"https:\/\/www.webforumet.no\/nytte\/"},{"@type":"ListItem","position":2,"name":"Privacy Policy\/TOS"}]},{"@type":"WebSite","@id":"https:\/\/www.webforumet.no\/nytte\/#website","url":"https:\/\/www.webforumet.no\/nytte\/","name":"Webforumet.no\/nytte","description":"Nyttige artikler","potentialAction":[{"@type":"SearchAction","target":{"@type":"EntryPoint","urlTemplate":"https:\/\/www.webforumet.no\/nytte\/?s={search_term_string}"},"query-input":{"@type":"PropertyValueSpecification","valueRequired":true,"valueName":"search_term_string"}}],"inLanguage":"nb-NO"}]}},"_links":{"self":[{"href":"https:\/\/www.webforumet.no\/nytte\/wp-json\/wp\/v2\/pages\/2614","targetHints":{"allow":["GET"]}}],"collection":[{"href":"https:\/\/www.webforumet.no\/nytte\/wp-json\/wp\/v2\/pages"}],"about":[{"href":"https:\/\/www.webforumet.no\/nytte\/wp-json\/wp\/v2\/types\/page"}],"author":[{"embeddable":true,"href":"https:\/\/www.webforumet.no\/nytte\/wp-json\/wp\/v2\/users\/1"}],"replies":[{"embeddable":true,"href":"https:\/\/www.webforumet.no\/nytte\/wp-json\/wp\/v2\/comments?post=2614"}],"version-history":[{"count":1,"href":"https:\/\/www.webforumet.no\/nytte\/wp-json\/wp\/v2\/pages\/2614\/revisions"}],"predecessor-version":[{"id":2615,"href":"https:\/\/www.webforumet.no\/nytte\/wp-json\/wp\/v2\/pages\/2614\/revisions\/2615"}],"wp:attachment":[{"href":"https:\/\/www.webforumet.no\/nytte\/wp-json\/wp\/v2\/media?parent=2614"}],"curies":[{"name":"wp","href":"https:\/\/api.w.org\/{rel}","templated":true}]}}